{"id":1447,"date":"2025-12-18T23:22:02","date_gmt":"2025-12-18T23:22:02","guid":{"rendered":"https:\/\/nu-shu.com.mx\/new\/about\/"},"modified":"2026-01-16T03:15:10","modified_gmt":"2026-01-16T03:15:10","slug":"about","status":"publish","type":"page","link":"https:\/\/nu-shu.com.mx\/new\/about\/","title":{"rendered":"About"},"content":{"rendered":"\t\t<div data-elementor-type=\"wp-page\" data-elementor-id=\"1447\" class=\"elementor elementor-1447\" data-elementor-post-type=\"page\">\n\t\t\t\t<div class=\"elementor-element elementor-element-0dac7e2 e-flex e-con-boxed e-con e-parent\" data-id=\"0dac7e2\" data-element_type=\"container\" data-e-type=\"container\" data-settings=\"{&quot;background_background&quot;:&quot;classic&quot;}\">\n\t\t\t\t\t<div class=\"e-con-inner\">\n\t\t<div class=\"elementor-element elementor-element-c483734 e-con-full e-flex e-con e-child\" data-id=\"c483734\" data-element_type=\"container\" data-e-type=\"container\">\n\t\t\t\t<\/div>\n\t\t\t\t\t<\/div>\n\t\t\t\t<\/div>\n\t\t<div class=\"elementor-element elementor-element-e2bf9f4 e-flex e-con-boxed e-con e-parent\" data-id=\"e2bf9f4\" data-element_type=\"container\" data-e-type=\"container\">\n\t\t\t\t\t<div class=\"e-con-inner\">\n\t\t<div class=\"elementor-element elementor-element-02a5b50 e-con-full e-flex e-con e-child\" data-id=\"02a5b50\" data-element_type=\"container\" data-e-type=\"container\">\n\t\t\t\t<div class=\"elementor-element elementor-element-b8ddf8b elementor-widget elementor-widget-heading\" data-id=\"b8ddf8b\" data-element_type=\"widget\" data-e-type=\"widget\" data-widget_type=\"heading.default\">\n\t\t\t\t<div class=\"elementor-widget-container\">\n\t\t\t\t\t<h2 class=\"elementor-heading-title elementor-size-default\">N\u00fc-Shu.<\/h2>\t\t\t\t<\/div>\n\t\t\t\t<\/div>\n\t\t\t\t<div class=\"elementor-element elementor-element-676855b elementor-widget elementor-widget-heading\" data-id=\"676855b\" data-element_type=\"widget\" data-e-type=\"widget\" data-widget_type=\"heading.default\">\n\t\t\t\t<div class=\"elementor-widget-container\">\n\t\t\t\t\t<h5 class=\"elementor-heading-title elementor-size-default\">Quienes somos y porque somos.<\/h5>\t\t\t\t<\/div>\n\t\t\t\t<\/div>\n\t\t\t\t<div class=\"elementor-element elementor-element-044f1db elementor-widget-divider--view-line elementor-widget elementor-widget-divider\" data-id=\"044f1db\" data-element_type=\"widget\" data-e-type=\"widget\" data-widget_type=\"divider.default\">\n\t\t\t\t<div class=\"elementor-widget-container\">\n\t\t\t\t\t\t\t<div class=\"elementor-divider\">\n\t\t\t<span class=\"elementor-divider-separator\">\n\t\t\t\t\t\t<\/span>\n\t\t<\/div>\n\t\t\t\t\t\t<\/div>\n\t\t\t\t<\/div>\n\t\t\t\t<\/div>\n\t\t<div class=\"elementor-element elementor-element-ace2279 e-con-full e-flex e-con e-child\" data-id=\"ace2279\" data-element_type=\"container\" data-e-type=\"container\" data-settings=\"{&quot;background_background&quot;:&quot;classic&quot;}\">\n\t\t\t\t<div class=\"elementor-element elementor-element-fa717ea elementor-widget elementor-widget-heading\" data-id=\"fa717ea\" data-element_type=\"widget\" data-e-type=\"widget\" data-widget_type=\"heading.default\">\n\t\t\t\t<div class=\"elementor-widget-container\">\n\t\t\t\t\t<h4 class=\"elementor-heading-title elementor-size-default\">Fundada en 2020<\/h4>\t\t\t\t<\/div>\n\t\t\t\t<\/div>\n\t\t\t\t<div class=\"elementor-element elementor-element-40e3802 elementor-widget elementor-widget-text-editor\" data-id=\"40e3802\" data-element_type=\"widget\" data-e-type=\"widget\" data-widget_type=\"text-editor.default\">\n\t\t\t\t<div class=\"elementor-widget-container\">\n\t\t\t\t\t\t\t\t\t<p>Fundada en 2020, N\u00fc-shu, una marca 100% mexicana, nace con la misi\u00f3n de compartir con el mundo los beneficios de la herbolaria ancestral y la aromaterapia. Tras experimentar personalmente los maravillosos resultados de combinar estos valiosos recursos con la alta tecnolog\u00eda en cosmetolog\u00eda, un grupo de mujeres profesionales en el bienestar de la piel y los negocios decidi\u00f3 convertir esta visi\u00f3n en una realidad. As\u00ed, crearon una marca dirigida por mujeres, dedicada al cuidado y la belleza de la piel, a la que llamaron N\u00fc-shu, un nombre inspirado en un sistema sil\u00e1bico utilizado exclusivamente por mujeres en el sur de China.<\/p>\t\t\t\t\t\t\t\t<\/div>\n\t\t\t\t<\/div>\n\t\t\t\t<div class=\"elementor-element elementor-element-1e82054 elementor-widget elementor-widget-text-editor\" data-id=\"1e82054\" data-element_type=\"widget\" data-e-type=\"widget\" data-widget_type=\"text-editor.default\">\n\t\t\t\t<div class=\"elementor-widget-container\">\n\t\t\t\t\t\t\t\t\t<p>El mayor desaf\u00edo de N\u00fc-shu fue desarrollar productos que exploren los m\u00faltiples beneficios y usos de la cosm\u00e9tica natural, creando as\u00ed f\u00f3rmulas \u00fanicas, efectivas y adaptadas a las necesidades de cada tipo de piel.<br \/><br \/>N\u00fc-shu tiene la visi\u00f3n de posicionarse como una propuesta revolucionaria. Al igual que la etimolog\u00eda de su nombre, buscamos que nuestra cosm\u00e9tica mire hacia el futuro, redescubriendo la belleza a trav\u00e9s de la diversidad cut\u00e1nea, manteniendo ingredientes tradicionales y naturales, potenciados con componentes de nueva generaci\u00f3n adaptados a las necesidades actuales.<\/p>\t\t\t\t\t\t\t\t<\/div>\n\t\t\t\t<\/div>\n\t\t\t\t<\/div>\n\t\t\t\t\t<\/div>\n\t\t\t\t<\/div>\n\t\t<div class=\"elementor-element elementor-element-8e6dff9 e-con-full e-flex e-con e-parent\" data-id=\"8e6dff9\" data-element_type=\"container\" data-e-type=\"container\">\n\t\t\t\t<div class=\"elementor-element elementor-element-8e69dbf elementor-arrows-position-inside elementor-pagination-position-outside elementor-widget elementor-widget-image-carousel\" data-id=\"8e69dbf\" data-element_type=\"widget\" data-e-type=\"widget\" data-settings=\"{&quot;navigation&quot;:&quot;both&quot;,&quot;autoplay&quot;:&quot;yes&quot;,&quot;pause_on_hover&quot;:&quot;yes&quot;,&quot;pause_on_interaction&quot;:&quot;yes&quot;,&quot;autoplay_speed&quot;:5000,&quot;infinite&quot;:&quot;yes&quot;,&quot;speed&quot;:500,&quot;image_spacing_custom&quot;:{&quot;unit&quot;:&quot;px&quot;,&quot;size&quot;:20,&quot;sizes&quot;:[]},&quot;image_spacing_custom_tablet&quot;:{&quot;unit&quot;:&quot;px&quot;,&quot;size&quot;:&quot;&quot;,&quot;sizes&quot;:[]},&quot;image_spacing_custom_mobile&quot;:{&quot;unit&quot;:&quot;px&quot;,&quot;size&quot;:&quot;&quot;,&quot;sizes&quot;:[]}}\" data-widget_type=\"image-carousel.default\">\n\t\t\t\t<div class=\"elementor-widget-container\">\n\t\t\t\t\t\t\t<div class=\"elementor-image-carousel-wrapper swiper\" role=\"region\" aria-roledescription=\"carousel\" aria-label=\"Carrusel de im\u00e1genes\" dir=\"ltr\">\n\t\t\t<div class=\"elementor-image-carousel swiper-wrapper\" aria-live=\"off\">\n\t\t\t\t\t\t\t\t<div class=\"swiper-slide\" role=\"group\" aria-roledescription=\"slide\" aria-label=\"1 de 11\"><a data-elementor-open-lightbox=\"yes\" data-elementor-lightbox-slideshow=\"8e69dbf\" data-elementor-lightbox-title=\"nushu correc color-6\" data-e-action-hash=\"#elementor-action%3Aaction%3Dlightbox%26settings%3DeyJpZCI6MTg0MCwidXJsIjoiaHR0cHM6XC9cL251LXNodS5jb20ubXhcL25ld1wvd3AtY29udGVudFwvdXBsb2Fkc1wvMjAyNlwvMDFcL251c2h1LWNvcnJlYy1jb2xvci02LXNjYWxlZC5qcGciLCJzbGlkZXNob3ciOiI4ZTY5ZGJmIn0%3D\" href=\"https:\/\/nu-shu.com.mx\/new\/wp-content\/uploads\/2026\/01\/nushu-correc-color-6-scaled.jpg\"><figure class=\"swiper-slide-inner\"><img decoding=\"async\" class=\"swiper-slide-image\" src=\"https:\/\/nu-shu.com.mx\/new\/wp-content\/uploads\/2026\/01\/nushu-correc-color-6-768x512.jpg\" alt=\"nushu correc color-6\" \/><\/figure><\/a><\/div><div class=\"swiper-slide\" role=\"group\" aria-roledescription=\"slide\" aria-label=\"2 de 11\"><a data-elementor-open-lightbox=\"yes\" data-elementor-lightbox-slideshow=\"8e69dbf\" data-elementor-lightbox-title=\"Nushu octubre sombras-15\" data-e-action-hash=\"#elementor-action%3Aaction%3Dlightbox%26settings%3DeyJpZCI6MTcyNSwidXJsIjoiaHR0cHM6XC9cL251LXNodS5jb20ubXhcL25ld1wvd3AtY29udGVudFwvdXBsb2Fkc1wvMjAyNVwvMTJcL051c2h1LW9jdHVicmUtc29tYnJhcy0xNS1zY2FsZWQuanBnIiwic2xpZGVzaG93IjoiOGU2OWRiZiJ9\" href=\"https:\/\/nu-shu.com.mx\/new\/wp-content\/uploads\/2025\/12\/Nushu-octubre-sombras-15-scaled.jpg\"><figure class=\"swiper-slide-inner\"><img decoding=\"async\" class=\"swiper-slide-image\" src=\"https:\/\/nu-shu.com.mx\/new\/wp-content\/uploads\/2025\/12\/Nushu-octubre-sombras-15-768x512.jpg\" alt=\"Nushu octubre sombras-15\" \/><\/figure><\/a><\/div><div class=\"swiper-slide\" role=\"group\" aria-roledescription=\"slide\" aria-label=\"3 de 11\"><a data-elementor-open-lightbox=\"yes\" data-elementor-lightbox-slideshow=\"8e69dbf\" data-elementor-lightbox-title=\"NUSHU SEPTIEMBRE ROCAS-6\" data-e-action-hash=\"#elementor-action%3Aaction%3Dlightbox%26settings%3DeyJpZCI6MTcyNCwidXJsIjoiaHR0cHM6XC9cL251LXNodS5jb20ubXhcL25ld1wvd3AtY29udGVudFwvdXBsb2Fkc1wvMjAyNVwvMTJcL05VU0hVLVNFUFRJRU1CUkUtUk9DQVMtNi1zY2FsZWQuanBnIiwic2xpZGVzaG93IjoiOGU2OWRiZiJ9\" href=\"https:\/\/nu-shu.com.mx\/new\/wp-content\/uploads\/2025\/12\/NUSHU-SEPTIEMBRE-ROCAS-6-scaled.jpg\"><figure class=\"swiper-slide-inner\"><img decoding=\"async\" class=\"swiper-slide-image\" src=\"https:\/\/nu-shu.com.mx\/new\/wp-content\/uploads\/2025\/12\/NUSHU-SEPTIEMBRE-ROCAS-6-768x512.jpg\" alt=\"NUSHU SEPTIEMBRE ROCAS-6\" \/><\/figure><\/a><\/div><div class=\"swiper-slide\" role=\"group\" aria-roledescription=\"slide\" aria-label=\"4 de 11\"><a data-elementor-open-lightbox=\"yes\" data-elementor-lightbox-slideshow=\"8e69dbf\" data-elementor-lightbox-title=\"Shampoo-1\" data-e-action-hash=\"#elementor-action%3Aaction%3Dlightbox%26settings%3DeyJpZCI6MTcxMywidXJsIjoiaHR0cHM6XC9cL251LXNodS5jb20ubXhcL25ld1wvd3AtY29udGVudFwvdXBsb2Fkc1wvMjAyNVwvMTJcL1NoYW1wb28tMS1zY2FsZWQuanBnIiwic2xpZGVzaG93IjoiOGU2OWRiZiJ9\" href=\"https:\/\/nu-shu.com.mx\/new\/wp-content\/uploads\/2025\/12\/Shampoo-1-scaled.jpg\"><figure class=\"swiper-slide-inner\"><img decoding=\"async\" class=\"swiper-slide-image\" src=\"https:\/\/nu-shu.com.mx\/new\/wp-content\/uploads\/2025\/12\/Shampoo-1-768x512.jpg\" alt=\"Shampoo-1\" \/><\/figure><\/a><\/div><div class=\"swiper-slide\" role=\"group\" aria-roledescription=\"slide\" aria-label=\"5 de 11\"><a data-elementor-open-lightbox=\"yes\" data-elementor-lightbox-slideshow=\"8e69dbf\" data-elementor-lightbox-title=\"Mena dia 1 (43)\" data-e-action-hash=\"#elementor-action%3Aaction%3Dlightbox%26settings%3DeyJpZCI6MTYwNywidXJsIjoiaHR0cHM6XC9cL251LXNodS5jb20ubXhcL25ld1wvd3AtY29udGVudFwvdXBsb2Fkc1wvMjAyNVwvMTJcL01lbmEtZGlhLTEtNDMtc2NhbGVkLmpwZyIsInNsaWRlc2hvdyI6IjhlNjlkYmYifQ%3D%3D\" href=\"https:\/\/nu-shu.com.mx\/new\/wp-content\/uploads\/2025\/12\/Mena-dia-1-43-scaled.jpg\"><figure class=\"swiper-slide-inner\"><img decoding=\"async\" class=\"swiper-slide-image\" src=\"https:\/\/nu-shu.com.mx\/new\/wp-content\/uploads\/2025\/12\/Mena-dia-1-43-768x512.jpg\" alt=\"Mena dia 1 (43)\" \/><\/figure><\/a><\/div><div class=\"swiper-slide\" role=\"group\" aria-roledescription=\"slide\" aria-label=\"6 de 11\"><a data-elementor-open-lightbox=\"yes\" data-elementor-lightbox-slideshow=\"8e69dbf\" data-elementor-lightbox-title=\"Nushu octubre sombras-05\" data-e-action-hash=\"#elementor-action%3Aaction%3Dlightbox%26settings%3DeyJpZCI6MTYyNywidXJsIjoiaHR0cHM6XC9cL251LXNodS5jb20ubXhcL25ld1wvd3AtY29udGVudFwvdXBsb2Fkc1wvMjAyNVwvMTJcL051c2h1LW9jdHVicmUtc29tYnJhcy0wNS1zY2FsZWQuanBnIiwic2xpZGVzaG93IjoiOGU2OWRiZiJ9\" href=\"https:\/\/nu-shu.com.mx\/new\/wp-content\/uploads\/2025\/12\/Nushu-octubre-sombras-05-scaled.jpg\"><figure class=\"swiper-slide-inner\"><img decoding=\"async\" class=\"swiper-slide-image\" src=\"https:\/\/nu-shu.com.mx\/new\/wp-content\/uploads\/2025\/12\/Nushu-octubre-sombras-05-768x512.jpg\" alt=\"Nushu octubre sombras-05\" \/><\/figure><\/a><\/div><div class=\"swiper-slide\" role=\"group\" aria-roledescription=\"slide\" aria-label=\"7 de 11\"><a data-elementor-open-lightbox=\"yes\" data-elementor-lightbox-slideshow=\"8e69dbf\" data-elementor-lightbox-title=\"g7b\" data-e-action-hash=\"#elementor-action%3Aaction%3Dlightbox%26settings%3DeyJpZCI6MTYzMSwidXJsIjoiaHR0cHM6XC9cL251LXNodS5jb20ubXhcL25ld1wvd3AtY29udGVudFwvdXBsb2Fkc1wvMjAyNlwvMDFcL2c3Yi5qcGciLCJzbGlkZXNob3ciOiI4ZTY5ZGJmIn0%3D\" href=\"https:\/\/nu-shu.com.mx\/new\/wp-content\/uploads\/2026\/01\/g7b.jpg\"><figure class=\"swiper-slide-inner\"><img decoding=\"async\" class=\"swiper-slide-image\" src=\"https:\/\/nu-shu.com.mx\/new\/wp-content\/uploads\/2026\/01\/g7b-768x528.jpg\" alt=\"g7b\" \/><\/figure><\/a><\/div><div class=\"swiper-slide\" role=\"group\" aria-roledescription=\"slide\" aria-label=\"8 de 11\"><a data-elementor-open-lightbox=\"yes\" data-elementor-lightbox-slideshow=\"8e69dbf\" data-elementor-lightbox-title=\"NUSHU COTUBRE 13-14\" data-e-action-hash=\"#elementor-action%3Aaction%3Dlightbox%26settings%3DeyJpZCI6MTU5NCwidXJsIjoiaHR0cHM6XC9cL251LXNodS5jb20ubXhcL25ld1wvd3AtY29udGVudFwvdXBsb2Fkc1wvMjAyNVwvMTJcL05VU0hVLUNPVFVCUkUtMTMtMTQtc2NhbGVkLmpwZyIsInNsaWRlc2hvdyI6IjhlNjlkYmYifQ%3D%3D\" href=\"https:\/\/nu-shu.com.mx\/new\/wp-content\/uploads\/2025\/12\/NUSHU-COTUBRE-13-14-scaled.jpg\"><figure class=\"swiper-slide-inner\"><img decoding=\"async\" class=\"swiper-slide-image\" src=\"https:\/\/nu-shu.com.mx\/new\/wp-content\/uploads\/2025\/12\/NUSHU-COTUBRE-13-14-768x512.jpg\" alt=\"NUSHU COTUBRE 13-14\" \/><\/figure><\/a><\/div><div class=\"swiper-slide\" role=\"group\" aria-roledescription=\"slide\" aria-label=\"9 de 11\"><a data-elementor-open-lightbox=\"yes\" data-elementor-lightbox-slideshow=\"8e69dbf\" data-elementor-lightbox-title=\"_MG_3917-2\" data-e-action-hash=\"#elementor-action%3Aaction%3Dlightbox%26settings%3DeyJpZCI6MTU5MywidXJsIjoiaHR0cHM6XC9cL251LXNodS5jb20ubXhcL25ld1wvd3AtY29udGVudFwvdXBsb2Fkc1wvMjAyNVwvMTJcL01HXzM5MTctMi1zY2FsZWQuanBnIiwic2xpZGVzaG93IjoiOGU2OWRiZiJ9\" href=\"https:\/\/nu-shu.com.mx\/new\/wp-content\/uploads\/2025\/12\/MG_3917-2-scaled.jpg\"><figure class=\"swiper-slide-inner\"><img decoding=\"async\" class=\"swiper-slide-image\" src=\"https:\/\/nu-shu.com.mx\/new\/wp-content\/uploads\/2025\/12\/MG_3917-2-768x512.jpg\" alt=\"_MG_3917-2\" \/><\/figure><\/a><\/div><div class=\"swiper-slide\" role=\"group\" aria-roledescription=\"slide\" aria-label=\"10 de 11\"><a data-elementor-open-lightbox=\"yes\" data-elementor-lightbox-slideshow=\"8e69dbf\" data-elementor-lightbox-title=\"nushu llamado casa barro-11\" data-e-action-hash=\"#elementor-action%3Aaction%3Dlightbox%26settings%3DeyJpZCI6MTU5MSwidXJsIjoiaHR0cHM6XC9cL251LXNodS5jb20ubXhcL25ld1wvd3AtY29udGVudFwvdXBsb2Fkc1wvMjAyNVwvMTJcL251c2h1LWxsYW1hZG8tY2FzYS1iYXJyby0xMS1zY2FsZWQuanBnIiwic2xpZGVzaG93IjoiOGU2OWRiZiJ9\" href=\"https:\/\/nu-shu.com.mx\/new\/wp-content\/uploads\/2025\/12\/nushu-llamado-casa-barro-11-scaled.jpg\"><figure class=\"swiper-slide-inner\"><img decoding=\"async\" class=\"swiper-slide-image\" src=\"https:\/\/nu-shu.com.mx\/new\/wp-content\/uploads\/2025\/12\/nushu-llamado-casa-barro-11-768x512.jpg\" alt=\"nushu llamado casa barro-11\" \/><\/figure><\/a><\/div><div class=\"swiper-slide\" role=\"group\" aria-roledescription=\"slide\" aria-label=\"11 de 11\"><a data-elementor-open-lightbox=\"yes\" data-elementor-lightbox-slideshow=\"8e69dbf\" data-elementor-lightbox-title=\"nushu llamado casa barro-10\" data-e-action-hash=\"#elementor-action%3Aaction%3Dlightbox%26settings%3DeyJpZCI6MTU5MiwidXJsIjoiaHR0cHM6XC9cL251LXNodS5jb20ubXhcL25ld1wvd3AtY29udGVudFwvdXBsb2Fkc1wvMjAyNVwvMTJcL251c2h1LWxsYW1hZG8tY2FzYS1iYXJyby0xMC1zY2FsZWQuanBnIiwic2xpZGVzaG93IjoiOGU2OWRiZiJ9\" href=\"https:\/\/nu-shu.com.mx\/new\/wp-content\/uploads\/2025\/12\/nushu-llamado-casa-barro-10-scaled.jpg\"><figure class=\"swiper-slide-inner\"><img decoding=\"async\" class=\"swiper-slide-image\" src=\"https:\/\/nu-shu.com.mx\/new\/wp-content\/uploads\/2025\/12\/nushu-llamado-casa-barro-10-768x512.jpg\" alt=\"nushu llamado casa barro-10\" \/><\/figure><\/a><\/div>\t\t\t<\/div>\n\t\t\t\t\t\t\t\t\t\t\t\t<div class=\"elementor-swiper-button elementor-swiper-button-prev\" role=\"button\" tabindex=\"0\">\n\t\t\t\t\t\t<i aria-hidden=\"true\" class=\"eicon-chevron-left\"><\/i>\t\t\t\t\t<\/div>\n\t\t\t\t\t<div class=\"elementor-swiper-button elementor-swiper-button-next\" role=\"button\" tabindex=\"0\">\n\t\t\t\t\t\t<i aria-hidden=\"true\" class=\"eicon-chevron-right\"><\/i>\t\t\t\t\t<\/div>\n\t\t\t\t\n\t\t\t\t\t\t\t\t\t<div class=\"swiper-pagination\"><\/div>\n\t\t\t\t\t\t\t\t\t<\/div>\n\t\t\t\t\t\t<\/div>\n\t\t\t\t<\/div>\n\t\t\t\t<\/div>\n\t\t<div class=\"elementor-element elementor-element-65d00bf e-flex e-con-boxed e-con e-parent\" data-id=\"65d00bf\" data-element_type=\"container\" data-e-type=\"container\">\n\t\t\t\t\t<div class=\"e-con-inner\">\n\t\t<div class=\"elementor-element elementor-element-4b4f07b e-con-full e-flex e-con e-child\" data-id=\"4b4f07b\" data-element_type=\"container\" data-e-type=\"container\">\n\t\t\t\t<div class=\"elementor-element elementor-element-239f1c1 elementor-widget elementor-widget-heading\" data-id=\"239f1c1\" data-element_type=\"widget\" data-e-type=\"widget\" data-widget_type=\"heading.default\">\n\t\t\t\t<div class=\"elementor-widget-container\">\n\t\t\t\t\t<h6 class=\"elementor-heading-title elementor-size-default\">porque elegirnos<\/h6>\t\t\t\t<\/div>\n\t\t\t\t<\/div>\n\t\t\t\t<div class=\"elementor-element elementor-element-985fe5e elementor-widget-divider--view-line elementor-widget elementor-widget-divider\" data-id=\"985fe5e\" data-element_type=\"widget\" data-e-type=\"widget\" data-widget_type=\"divider.default\">\n\t\t\t\t<div class=\"elementor-widget-container\">\n\t\t\t\t\t\t\t<div class=\"elementor-divider\">\n\t\t\t<span class=\"elementor-divider-separator\">\n\t\t\t\t\t\t<\/span>\n\t\t<\/div>\n\t\t\t\t\t\t<\/div>\n\t\t\t\t<\/div>\n\t\t\t\t<\/div>\n\t\t<div class=\"elementor-element elementor-element-c2159af e-con-full e-flex e-con e-child\" data-id=\"c2159af\" data-element_type=\"container\" data-e-type=\"container\">\n\t\t\t\t<div class=\"elementor-element elementor-element-677fd47 elementor-view-stacked elementor-position-inline-start elementor-shape-circle elementor-mobile-position-block-start elementor-widget elementor-widget-icon-box\" data-id=\"677fd47\" data-element_type=\"widget\" data-e-type=\"widget\" data-widget_type=\"icon-box.default\">\n\t\t\t\t<div class=\"elementor-widget-container\">\n\t\t\t\t\t\t\t<div class=\"elementor-icon-box-wrapper\">\n\n\t\t\t\t\t\t<div class=\"elementor-icon-box-icon\">\n\t\t\t\t<span  class=\"elementor-icon\">\n\t\t\t\t<i aria-hidden=\"true\" class=\"fas fa-shipping-fast\"><\/i>\t\t\t\t<\/span>\n\t\t\t<\/div>\n\t\t\t\n\t\t\t\t\t\t<div class=\"elementor-icon-box-content\">\n\n\t\t\t\t\t\t\t\t\t<h4 class=\"elementor-icon-box-title\">\n\t\t\t\t\t\t<span  >\n\t\t\t\t\t\t\tEntregas R\u00e1pidas\t\t\t\t\t\t<\/span>\n\t\t\t\t\t<\/h4>\n\t\t\t\t\n\t\t\t\t\t\t\t\t\t<p class=\"elementor-icon-box-description\">\n\t\t\t\t\t\tEntregas r\u00e1pidas y seguras.\t\t\t\t\t<\/p>\n\t\t\t\t\n\t\t\t<\/div>\n\t\t\t\n\t\t<\/div>\n\t\t\t\t\t\t<\/div>\n\t\t\t\t<\/div>\n\t\t\t\t<\/div>\n\t\t<div class=\"elementor-element elementor-element-16b0c6f e-con-full e-flex e-con e-child\" data-id=\"16b0c6f\" data-element_type=\"container\" data-e-type=\"container\">\n\t\t\t\t<div class=\"elementor-element elementor-element-6679b0f elementor-view-stacked elementor-position-inline-start elementor-shape-circle elementor-mobile-position-block-start elementor-widget elementor-widget-icon-box\" data-id=\"6679b0f\" data-element_type=\"widget\" data-e-type=\"widget\" data-widget_type=\"icon-box.default\">\n\t\t\t\t<div class=\"elementor-widget-container\">\n\t\t\t\t\t\t\t<div class=\"elementor-icon-box-wrapper\">\n\n\t\t\t\t\t\t<div class=\"elementor-icon-box-icon\">\n\t\t\t\t<span  class=\"elementor-icon\">\n\t\t\t\t<svg xmlns=\"http:\/\/www.w3.org\/2000\/svg\" id=\"Filled\" viewBox=\"0 0 24 24\" width=\"512\" height=\"512\"><path d=\"M19,3H5A5.006,5.006,0,0,0,0,8H24A5.006,5.006,0,0,0,19,3Z\"><\/path><path d=\"M0,16a5.006,5.006,0,0,0,5,5H19a5.006,5.006,0,0,0,5-5V10H0Zm7-.5A1.5,1.5,0,1,1,5.5,14,1.5,1.5,0,0,1,7,15.5\"><\/path><\/svg>\t\t\t\t<\/span>\n\t\t\t<\/div>\n\t\t\t\n\t\t\t\t\t\t<div class=\"elementor-icon-box-content\">\n\n\t\t\t\t\t\t\t\t\t<h4 class=\"elementor-icon-box-title\">\n\t\t\t\t\t\t<span  >\n\t\t\t\t\t\t\tPagos Seguros\t\t\t\t\t\t<\/span>\n\t\t\t\t\t<\/h4>\n\t\t\t\t\n\t\t\t\t\t\t\t\t\t<p class=\"elementor-icon-box-description\">\n\t\t\t\t\t\tPagos 100% seguros y r\u00e1pidos.\t\t\t\t\t<\/p>\n\t\t\t\t\n\t\t\t<\/div>\n\t\t\t\n\t\t<\/div>\n\t\t\t\t\t\t<\/div>\n\t\t\t\t<\/div>\n\t\t\t\t<\/div>\n\t\t<div class=\"elementor-element elementor-element-9445aec e-con-full e-flex e-con e-child\" data-id=\"9445aec\" data-element_type=\"container\" data-e-type=\"container\">\n\t\t\t\t<div class=\"elementor-element elementor-element-898d591 elementor-view-stacked elementor-position-inline-start elementor-shape-circle elementor-mobile-position-block-start elementor-widget elementor-widget-icon-box\" data-id=\"898d591\" data-element_type=\"widget\" data-e-type=\"widget\" data-widget_type=\"icon-box.default\">\n\t\t\t\t<div class=\"elementor-widget-container\">\n\t\t\t\t\t\t\t<div class=\"elementor-icon-box-wrapper\">\n\n\t\t\t\t\t\t<div class=\"elementor-icon-box-icon\">\n\t\t\t\t<span  class=\"elementor-icon\">\n\t\t\t\t<svg xmlns=\"http:\/\/www.w3.org\/2000\/svg\" id=\"Filled\" viewBox=\"0 0 24 24\" width=\"512\" height=\"512\"><path d=\"M12,.042a9.992,9.992,0,0,0-9.981,9.98c0,2.57,1.99,6.592,5.915,11.954a5.034,5.034,0,0,0,8.132,0c3.925-5.362,5.915-9.384,5.915-11.954A9.992,9.992,0,0,0,12,.042ZM12,14a4,4,0,1,1,4-4A4,4,0,0,1,12,14Z\"><\/path><\/svg>\t\t\t\t<\/span>\n\t\t\t<\/div>\n\t\t\t\n\t\t\t\t\t\t<div class=\"elementor-icon-box-content\">\n\n\t\t\t\t\t\t\t\t\t<h4 class=\"elementor-icon-box-title\">\n\t\t\t\t\t\t<span  >\n\t\t\t\t\t\t\tRastreo de Env\u00edos\t\t\t\t\t\t<\/span>\n\t\t\t\t\t<\/h4>\n\t\t\t\t\n\t\t\t\t\t\t\t\t\t<p class=\"elementor-icon-box-description\">\n\t\t\t\t\t\tF\u00e1cil rastreo de tus env\u00edos.\t\t\t\t\t<\/p>\n\t\t\t\t\n\t\t\t<\/div>\n\t\t\t\n\t\t<\/div>\n\t\t\t\t\t\t<\/div>\n\t\t\t\t<\/div>\n\t\t\t\t<\/div>\n\t\t\t\t\t<\/div>\n\t\t\t\t<\/div>\n\t\t\t\t<\/div>\n\t\t","protected":false},"excerpt":{"rendered":"<p>N\u00fc-Shu. Quienes somos y porque somos. Fundada en 2020 Fundada en 2020, N\u00fc-shu, una marca 100% mexicana, nace con la misi\u00f3n de compartir con el mundo los beneficios de la herbolaria ancestral y la aromaterapia. Tras experimentar personalmente los maravillosos resultados de combinar estos valiosos recursos con la alta tecnolog\u00eda en cosmetolog\u00eda, un grupo de [&hellip;]<\/p>\n","protected":false},"author":2,"featured_media":0,"parent":0,"menu_order":0,"comment_status":"closed","ping_status":"closed","template":"","meta":{"site-sidebar-layout":"no-sidebar","site-content-layout":"page-builder","ast-site-content-layout":"default","site-content-style":"default","site-sidebar-style":"default","ast-global-header-display":"","ast-banner-title-visibility":"","ast-main-header-display":"","ast-hfb-above-header-display":"","ast-hfb-below-header-display":"","ast-hfb-mobile-header-display":"","site-post-title":"disabled","ast-breadcrumbs-content":"","ast-featured-img":"disabled","footer-sml-layout":"","ast-disable-related-posts":"","theme-transparent-header-meta":"enabled","adv-header-id-meta":"","stick-header-meta":"","header-above-stick-meta":"","header-main-stick-meta":"","header-below-stick-meta":"","astra-migrate-meta-layouts":"default","ast-page-background-enabled":"default","ast-page-background-meta":{"desktop":{"background-color":"var(--ast-global-color-4)","background-image":"","background-repeat":"repeat","background-position":"center center","background-size":"auto","background-attachment":"scroll","background-type":"","background-media":"","overlay-type":"","overlay-color":"","overlay-opacity":"","overlay-gradient":""},"tablet":{"background-color":"","background-image":"","background-repeat":"repeat","background-position":"center center","background-size":"auto","background-attachment":"scroll","background-type":"","background-media":"","overlay-type":"","overlay-color":"","overlay-opacity":"","overlay-gradient":""},"mobile":{"background-color":"","background-image":"","background-repeat":"repeat","background-position":"center center","background-size":"auto","background-attachment":"scroll","background-type":"","background-media":"","overlay-type":"","overlay-color":"","overlay-opacity":"","overlay-gradient":""}},"ast-content-background-meta":{"desktop":{"background-color":"var(--ast-global-color-5)","background-image":"","background-repeat":"repeat","background-position":"center center","background-size":"auto","background-attachment":"scroll","background-type":"","background-media":"","overlay-type":"","overlay-color":"","overlay-opacity":"","overlay-gradient":""},"tablet":{"background-color":"var(--ast-global-color-5)","background-image":"","background-repeat":"repeat","background-position":"center center","background-size":"auto","background-attachment":"scroll","background-type":"","background-media":"","overlay-type":"","overlay-color":"","overlay-opacity":"","overlay-gradient":""},"mobile":{"background-color":"var(--ast-global-color-5)","background-image":"","background-repeat":"repeat","background-position":"center center","background-size":"auto","background-attachment":"scroll","background-type":"","background-media":"","overlay-type":"","overlay-color":"","overlay-opacity":"","overlay-gradient":""}},"footnotes":""},"class_list":["post-1447","page","type-page","status-publish","hentry"],"_links":{"self":[{"href":"https:\/\/nu-shu.com.mx\/new\/wp-json\/wp\/v2\/pages\/1447","targetHints":{"allow":["GET"]}}],"collection":[{"href":"https:\/\/nu-shu.com.mx\/new\/wp-json\/wp\/v2\/pages"}],"about":[{"href":"https:\/\/nu-shu.com.mx\/new\/wp-json\/wp\/v2\/types\/page"}],"author":[{"embeddable":true,"href":"https:\/\/nu-shu.com.mx\/new\/wp-json\/wp\/v2\/users\/2"}],"replies":[{"embeddable":true,"href":"https:\/\/nu-shu.com.mx\/new\/wp-json\/wp\/v2\/comments?post=1447"}],"version-history":[{"count":0,"href":"https:\/\/nu-shu.com.mx\/new\/wp-json\/wp\/v2\/pages\/1447\/revisions"}],"wp:attachment":[{"href":"https:\/\/nu-shu.com.mx\/new\/wp-json\/wp\/v2\/media?parent=1447"}],"curies":[{"name":"wp","href":"https:\/\/api.w.org\/{rel}","templated":true}]}}